hest common divisor of r and 135?
15
Let h be (-3588)/(-30) - (12/10)/(-3). What is the highest common divisor of 300 and h?
60
Suppose 0*q - 3*z - 2 = -q, -q - 3*z = -26. What is the highest common divisor of 224 and q?
14
Suppose 0*t - 14 = -2*t. Let v = t - 8. Let l be v + 0 + (8 - -6). What is the greatest common factor of 78 and l?
13
Suppose m = 2*c - 7 + 4, 4*c + 9 = -3*m. Let g be (-6 + 4)*(c + -1). Suppose 3*r + g*r = 30. What is the highest common divisor of r and 3?
3
Let d be -1 - (4/6 - (-420)/(-9)). Calculate the greatest common factor of d and 30.
15
Let w be 1/(-4) + (1727/4)/11. Calculate the highest common factor of w and 65.
13
Suppose 20 = -3*q - q. Let a be q/(-15) + (-7)/3. Let r be 2*(-1)/a - -64. What is the highest common factor of r and 13?
13
Let g = 20 + -8. Suppose o - 952 = 5*o. Let m = -106 - o. Calculate the greatest common divisor of g and m.
12
Let q = 32 - -88. Calculate the greatest common factor of 48 and q.
24
Suppose 5*h = r + 135, 5*r + 13 + 68 = 3*h. Calculate the greatest common divisor of h and 9.
9
Suppose 3*f - 2 = 4*f. Let c = f + 7. What is the greatest common divisor of 15 and c?
5
Let z = 17 + -15. Calculate the highest common factor of 16 and z.
2
Suppose 5*g + 20 = 5*t, 2*g - 16 = -g - 4*t. Suppose 2*k - 8 - 8 = g. Calculate the highest common divisor of k and 40.
8
Let v(t) = -t**2 - 11*t - 2. Let i be v(-8). Calculate the greatest common factor of 44 and i.
22
Let t(y) = -3*y**2 - 5*y + 2 + 4 + y**3 + y**2. Let q be t(4). Suppose p - q = -i, 5*p = 2*i + 2*i - 45. What is the highest common factor of 3 and i?
3
Let m = 6 + 25. Calculate the greatest common divisor of 217 and m.
31
Let l = 29 - 20. Suppose -3*r - l = -3. Let v = 10 + r. What is the highest common divisor of 20 and v?
4
Suppose z - 8 = -2*a + 2*z, 0 = 4*a + 2*z. Suppose 3*j - 3 = a*j. Suppose -j*i = 1 - 4. Calculate the highest common factor of i and 3.
1
Suppose 3*l = 1 + 5. Suppose 3*w + 2 = w, 0 = 3*y + w + 7. Let z be ((-8)/y)/(-2)*-1. What is the greatest common factor of z and l?
2
Suppose 5*q + 10 = -v, -3*q = -v - 0*v + 6. Let x be 0 - (1 - (25 + v)). Calculate the highest common factor of 16 and x.
8
Let p be 4/10 - (-617)/(-5). Let w = -83 - p. What is the highest common factor of 10 and w?
10
Let k(x) = x**2 + 10*x - 15. Let z be k(-12). Let q = -517 + 916. Suppose 5*s = 3*n + 486, 2*s + 2*s - q = -n. Calculate the highest common divisor of z and s.
9
Suppose 20 = 2*o + 3*q - 33, 0 = -3*o - 2*q + 82. Suppose 5*a - 4*a - o = 0. What is the greatest common factor of 308 and a?
28
Let i be 2*(-1)/((-4)/(-2)). Let x be (-2)/(-4)*(i + 1). Let l be (x + 0)/3 - -3. Calculate the greatest common divisor of 3 and l.
3
Suppose -306 = -151*m + 149*m. Calculate the greatest common divisor of m and 17.
17
Suppose 6 - 2 = 4*h. Calculate the highest common factor of 3 and h.
1
Let q be 4 + (-3 - -1) - -2. Suppose 2*c = c + q*t - 12, 3*c - 2*t = 4. Let d be 2 - 3 - (0 + -37). What is the highest common divisor of c and d?
4
Let k = 29 - -1. Suppose b + 0*b - 70 = 5*s, b - 3*s = 60. What is the highest common divisor of b and k?
15
Suppose -s = 3*z + 34, -5*s - 4*z - 199 + 51 = 0. Let g be (-14)/(-2)*(-40)/s. What is the greatest common divisor of g and 20?
10
Suppose -3*j - 2 + 8 = 0. Suppose -2*s = j*s. Suppose 2*l + 2*l + g - 195 = s, 0 = -4*l + 2*g + 210. What is the greatest common divisor of 20 and l?
10
Let y(v) = -v**3 + 9*v**2 + 6*v + 18. Let n be y(9). What is the highest common factor of n and 96?
24
Let i(r) = 4*r**2 + 4*r + 4. Suppose -3*n = 13 - 4. Let f be i(n). What is the highest common divisor of 42 and f?
14
Suppose 4*c - 54 = 58. Let j = c - -4. Calculate the greatest common factor of j and 80.
16
Suppose -4*p + 1 = -43. Let g be -1 + 1/((-3)/(-2199)). Let k be g/33 - 2/11. What is the greatest common factor of p and k?
11
Suppose -4*a + 7*n - 4*n = -54, 2*a + 2*n - 34 = 0. Suppose -a = -v - 3. What is the greatest common factor of v and 108?
12
Let h = 14 + 15. What is the greatest common divisor of h and 58?
29
Suppose 0 = 5*h + 4*k - 124, -3*h - h = -2*k - 94. Calculate the highest common factor of 168 and h.
24
Suppose 0 = -2*p + 5*h - 4, -3*p + 24 = -h + 4. Let t be 1/(2/14)*1. Suppose 0 = n - 13 - t. Calculate the highest common factor of p and n.
4
Let j be (-28)/5 - (-9)/15. Let k be -1 + 29 - (j + 8). Suppose 0 = -z + 5*t + k, -5*z - 4*t = t - 65. What is the greatest common divisor of z and 30?
15
Let k = -6 - -4. Let d be ((-20)/(-12))/(k/(-18)). Calculate the greatest common divisor of d and 45.
15
Suppose -16*v - 14*v = -2700. Let d(w) = 9*w. Let q be d(4). Calculate the greatest common factor of q and v.
18
Let j(u) be the third derivative of u**5/30 + u**4/6 - 5*u**3/6 - 3*u**2. Let y be j(-4). Calculate the greatest common divisor of 11 and y.
11
Let r(w) = w**3 + 5*w**2 + 4*w + 2. Let f be r(-4). Suppose 2*j + f*j = 12. Let n be 6/5 - (-4)/(-20). Calculate the highest common factor of n and j.
1
Suppose 3*t - 49 = -5*u + 161, 0 = 4*u + 3*t - 165. Calculate the greatest common divisor of u and 5.
5
Let h be ((-10)/20)/(1/14). Let p be 7 + h - (2 + -30). What is the highest common divisor of 70 and p?
14
Let r(o) = -o**3 + o**2 - o + 35. Let v be r(0). Calculate the greatest common divisor of 5 and v.
5
Let m(x) = 7*x + 118. Let o be m(-13). Let a(s) = s**2 - 3*s - 1. Let l be a(5). Calculate the greatest common divisor of l and o.
9
Let n = 21 + -5. Suppose 2*u - n = -u - 2*k, k - 4 = -u. Suppose 0 = 4*w - 213 - 11. Calculate the greatest common factor of u and w.
8
Let u = 13 - 1. Let o(y) = 2*y - 161. Let l(g) = -g + 81. Let d(r) = 7*l(r) + 3*o(r). Let p be d(0). What is the highest common divisor of u and p?
12
Suppose -179 = -5*r - 34. Calculate the greatest common factor of r and 116.
29
Let k = 35 - 17. What is the highest common divisor of 2 and k?
2
Let i(s) = s**2 + 4*s - 7. Let a be i(-6). Let l be -4*(a/(-2) + 2). Let y(n) = n + 5. Let x be y(-3). Calculate the greatest common divisor of x and l.
2
Suppose 0*y + y = 5. Calculate the greatest common divisor of 20 and y.
5
Let g(l) = -6*l + 8. Let v be g(-5). Let n = v + -13. Calculate the greatest common factor of 75 and n.
25
Suppose 4*z = -0*z + 20. Suppose z*n - 48 = 2*a, -3*a + a = -3*n + 28. Suppose 0*r + 4 = r. What is the highest common divisor of r and n?
2
Suppose -180 = -s - s. Suppose -1 = -r + 2. Suppose r = 2*n - 17. What is the highest common divisor of s and n?
10
Let m(t) = -2*t**2 + t. Let y be m(3). Let b = y - -28. Let u = b + -9. Calculate the highest common factor of 8 and u.
4
Let p(a) = -a**3 - 2*a**2 - 4*a - 5. Let m be p(-2). Calculate the greatest common factor of m and 2.
1
Suppose 2*u + 100 = 2*w + w, -95 = -3*w + u. Suppose x = -2*v + 61, v + 3 - w = 3*x. What is the highest common factor of v and 210?
30
Let q(d) = d + 11. Let o be q(-11). Suppose -4*x + 2*m = -20, -2*x + x + 3*m = o. Let i(z) = z. Let r be i(x). What is the highest common factor of 9 and r?
3
Let f(l) = 11*l + 1. Let t be f(1). Suppose 2*z + 3*q - 39 = 225, 2*z = 4*q + 264. What is the highest common factor of t and z?
12
Let i(d) = d**3 + 7*d**2 + d. Let b be i(-6). Let g be (2/(-4))/((-2)/12). What is the highest common factor of g and b?
3
Suppose -2*p = 2*p - 120. Suppose -4*c = -0*c. Suppose -4*g + 13 + 35 = c. Calculate the highest common divisor of g and p.
6
Suppose 15*y = 12*y + 24. Let z = 0 - 2. Let s be 3*(z + 76/6). What is the highest common divisor of y and s?
8
Let l(y) = -2*y**2 + 19*y - 1. Let d be l(9). Let h be ((-6)/(-4) - 1)*0. Let j be 1/(1/(56 - h)). Calculate the greatest common divisor of d and j.
8
Let x be ((-6)/6)/(1/(-5)). Suppose -78 = 2*h - x*h. What is the highest common divisor of 234 and h?
26
Let b = 1 - -10. Let c(o) = 45*o**2 + o. Suppose 2 - 1 = -y. Let d be c(y). Calculate the greatest common factor of b and d.
11
Suppose -5*p = -15, -4*p = c - p - 109. What is the highest common factor of c and 25?
25
Suppose 0 = 5*i - 12 + 2. Suppose i*h + 2 = 36. What is the greatest common factor of h and 136?
17
Let h be (3/2)/((-3)/(-6)). Suppose 0*j - 3*n + h = j, -5*j - 5*n + 45 = 0. Let a = 14 - 2. Calculate the highest common divisor of a and j.
12
Let p(v) = v**2 + v - 5. Let r be 4/(-1)*1 - 0. Let z be